{"id":23,"date":"2021-06-22T11:31:15","date_gmt":"2021-06-22T11:31:15","guid":{"rendered":"https:\/\/garciaamezcua.com\/abogados\/?page_id=23"},"modified":"2023-06-18T10:58:23","modified_gmt":"2023-06-18T10:58:23","slug":"service-2","status":"publish","type":"page","link":"https:\/\/garciaamezcua.com\/abogados\/service-2\/","title":{"rendered":"Estrategia y Desarrollo"},"content":{"rendered":"<p>[vc_row][vc_column][vc_column_text]<\/p>\n<h2 style=\"text-align: center;\"><span style=\"color: #00ff51;\"><strong>DESARROLLO<\/strong><\/span><\/h2>\n<h2 id=\"swp-tcr--title\" style=\"text-align: center;\"><span style=\"color: #99cc00;\">\u00abCuanto m\u00e1s hunde un \u00e1rbol sus ra\u00edces m\u00e1s alto crece\u00bb<\/span><\/h2>\n<p><img loading=\"lazy\" class=\"size-medium wp-image-138 aligncenter\" src=\"https:\/\/garciaamezcua.com\/abogados\/wp-content\/uploads\/2021\/07\/bambu-japones-300x150.jpg\" alt=\"\" width=\"300\" height=\"150\" srcset=\"https:\/\/garciaamezcua.com\/abogados\/wp-content\/uploads\/2021\/07\/bambu-japones-300x150.jpg 300w, https:\/\/garciaamezcua.com\/abogados\/wp-content\/uploads\/2021\/07\/bambu-japones.jpg 660w\" sizes=\"(max-width: 300px) 100vw, 300px\" \/><\/p>\n<h2 style=\"text-align: center;\"><strong>LAS DIFERENTES \u00c1REAS DE LA EMPRESA DEBEN ESTAR COHESIONADAS POR UN PROP\u00d3SITO COM\u00daN Y POR LA CONFIANZA Y EL EMPUJE DE LOS DISTINTOS DEPARTAMENTOS.<\/strong><\/h2>\n<p>[\/vc_column_text][\/vc_column][\/vc_row][vc_row][vc_column width=\u00bb1\/2&#8243;][vc_single_image image=\u00bb84&#8243; img_size=\u00bbfull\u00bb][\/vc_column][vc_column width=\u00bb1\/2&#8243;][vc_column_text]Por eso Garc\u00eda Amezcua ofrece una ayuda individualizada con los mejores expertos en diferentes materias.<\/p>\n<p>La <span style=\"color: #993366;\"><strong>VISI\u00d3N GLOBAL<\/strong><\/span> y la <strong><span style=\"color: #993366;\">VISI\u00d3N CONCRETA<\/span><\/strong> giran en torno al mismo eje. Desde la creaci\u00f3n de la empresa o el Consejo de Administraci\u00f3n (\u00e1rea jur\u00eddica), a la selecci\u00f3n de equipos y personal de trabajo (recursos humanos), a la gesti\u00f3n o auditor\u00edas econ\u00f3mica o medioambiental, pasando por el \u00e1rea de marketing y publicidad.<\/p>\n<p>El tama\u00f1o de la empresa y el Objetivo Final, nos ir\u00e1 determinando los pasos a dar en cada momento y si debemos integrar ese \u00e1rea o externalizarla (outsourcing).[\/vc_column_text][\/vc_column][\/vc_row][vc_row][vc_column][vc_column_text]<\/p>\n<p style=\"text-align: center;\"><strong><span style=\"color: #99cc00;\">El viaje (Desarrollo) comienza en el Km. 0 de la Estrategia. Juntos llegaremos m\u00e1s lejos.<img loading=\"lazy\" class=\"size-medium wp-image-97 aligncenter\" src=\"https:\/\/garciaamezcua.com\/abogados\/wp-content\/uploads\/2021\/07\/camino-empresarial-300x294.jpg\" alt=\"\" width=\"300\" height=\"294\" srcset=\"https:\/\/garciaamezcua.com\/abogados\/wp-content\/uploads\/2021\/07\/camino-empresarial-300x294.jpg 300w, https:\/\/garciaamezcua.com\/abogados\/wp-content\/uploads\/2021\/07\/camino-empresarial.jpg 700w\" sizes=\"(max-width: 300px) 100vw, 300px\" \/><\/span><\/strong><\/p>\n<p>Cuando el futuro no est\u00e1 claro, muchas empresas detienen su progreso en el mercado ante una gran duda: \u201c\u00bfqu\u00e9 debemos hacer ahora?\u201d. \u00bfEs mejor continuar con el marketing de los productos que ya tenemos? \u00bfO debemos desarrollar otros nuevos?<\/p>\n<p>Hay <span style=\"color: #993366;\"><strong>CUATRO ESTRATEGIAS<\/strong> <\/span>b\u00e1sicas.[\/vc_column_text][\/vc_column][\/vc_row][vc_row][vc_column][vc_column_text]<\/p>\n<h2><img loading=\"lazy\" class=\"size-medium wp-image-141 alignleft\" src=\"https:\/\/garciaamezcua.com\/abogados\/wp-content\/uploads\/2021\/07\/penetarcion-mercados-300x200.jpg\" alt=\"\" width=\"300\" height=\"200\" srcset=\"https:\/\/garciaamezcua.com\/abogados\/wp-content\/uploads\/2021\/07\/penetarcion-mercados-300x200.jpg 300w, https:\/\/garciaamezcua.com\/abogados\/wp-content\/uploads\/2021\/07\/penetarcion-mercados-768x511.jpg 768w, https:\/\/garciaamezcua.com\/abogados\/wp-content\/uploads\/2021\/07\/penetarcion-mercados-450x300.jpg 450w, https:\/\/garciaamezcua.com\/abogados\/wp-content\/uploads\/2021\/07\/penetarcion-mercados-150x100.jpg 150w, https:\/\/garciaamezcua.com\/abogados\/wp-content\/uploads\/2021\/07\/penetarcion-mercados.jpg 820w\" sizes=\"(max-width: 300px) 100vw, 300px\" \/>1. Crecimiento y desarrollo mediante la estrategia de penetraci\u00f3n<\/h2>\n<p>Si nuestra empresa tiene unos productos claros y bien definidos y queremos conseguir su crecimiento y desarrollo mediante ellos, lo ideal es una estrategia de penetraci\u00f3n.<\/p>\n<p>La ventaja principal de esta estrategia es que, al continuar trabajando en el mismo mercado, ya conocemos el p\u00fablico objetivo al que nos dirigimos. Lo que debemos hacer es tratar de potenciar nuestro marketing operativo y, a partir de \u00e9l, tratar de:<\/p>\n<ol>\n<li>Conseguir que gente que compraba a la competencia directa trate de comprarnos a nosotros.<\/li>\n<li>Conseguir que los clientes que ya nos compraban nos compren m\u00e1s cantidad de producto y m\u00e1s veces.<\/li>\n<\/ol>\n<p>[\/vc_column_text][\/vc_column][\/vc_row][vc_row][vc_column width=\u00bb1\/2&#8243;][vc_single_image image=\u00bb81&#8243; img_size=\u00bbfull\u00bb][\/vc_column][vc_column width=\u00bb1\/2&#8243;][vc_column_text]<\/p>\n<h2>2. Crecimiento y desarrollo mediante la estrategia de creaci\u00f3n de nuevos mercados<\/h2>\n<p>Al contrario que en el caso anterior, con esta estrategia de crecimiento y desarrollo lanzamos nuestros productos a un nuevo mercado, es decir:<\/p>\n<p>&#8211; A un nuevo perfil de clientes en la misma zona geogr\u00e1fica.<br \/>\n&#8211; Al mismo perfil de clientes, pero en otras zonas geogr\u00e1ficas.<br \/>\n&#8211; A un nuevo perfil de clientes en otras zonas geogr\u00e1ficas.<\/p>\n<p>Para ello, es imprescindible realizar una investigaci\u00f3n de mercado a conciencia, para as\u00ed conocer c\u00f3mo es la gente de la nueva zona geogr\u00e1fica (costumbres, preocupaciones, necesidades\u2026) y\/o c\u00f3mo es el perfil de los nuevos clientes a los que nos vamos a dirigir.[\/vc_column_text][\/vc_column][\/vc_row][vc_row][vc_column][vc_column_text]<\/p>\n<h2><img loading=\"lazy\" class=\" wp-image-82 alignright\" src=\"https:\/\/garciaamezcua.com\/abogados\/wp-content\/uploads\/2021\/07\/quienes-somos-300x160.jpg\" alt=\"\" width=\"340\" height=\"181\" srcset=\"https:\/\/garciaamezcua.com\/abogados\/wp-content\/uploads\/2021\/07\/quienes-somos-300x160.jpg 300w, https:\/\/garciaamezcua.com\/abogados\/wp-content\/uploads\/2021\/07\/quienes-somos-768x410.jpg 768w, https:\/\/garciaamezcua.com\/abogados\/wp-content\/uploads\/2021\/07\/quienes-somos.jpg 870w\" sizes=\"(max-width: 340px) 100vw, 340px\" \/>3. Crecimiento y desarrollo mediante la estrategia de creaci\u00f3n de nuevos productos<\/h2>\n<p>Si nuestra empresa lanza al mercado un nuevo producto y lo vamos a vender en el mismo mercado que ya estamos vendiendo (es decir, a los mismos clientes o en la misma zona geogr\u00e1fica), entonces hablaremos de una estrategia de creaci\u00f3n de nuevos productos.<br \/>\nPara alcanzar el crecimiento y desarrollo a partir de esta estrategia hay que realizar un plan de marketing completo que contemple el p\u00fablico objetivo al que ir\u00e1 dirigido el nuevo producto, as\u00ed como otras variables que no necesit\u00e1bamos cubrir con las dos estrategias anteriores, ya que se entend\u00edan satisfechas con anterioridad. Hablamos de cuestiones como:<\/p>\n<ul>\n<li>C\u00e1lculo de costes de producci\u00f3n.<\/li>\n<li>C\u00e1lculo de m\u00e1rgenes de beneficio de acuerdo al PVP que establezcamos.<\/li>\n<li>Dise\u00f1o de packaging.<\/li>\n<li>Naming.<\/li>\n<\/ul>\n<p>[\/vc_column_text][\/vc_column][\/vc_row][vc_row][vc_column][vc_column_text]<\/p>\n<h2><img loading=\"lazy\" class=\"alignright\" src=\"https:\/\/garciaamezcua.com\/abogados\/wp-content\/uploads\/2021\/07\/DIVERSIFICACION-150x150.jpg\" width=\"314\" height=\"314\" \/>4. Crecimiento y desarrollo mediante la estrategia de diversificaci\u00f3n<\/h2>\n<p>La estrategia de diversificaci\u00f3n es la que m\u00e1s esfuerzo supone, ya que debemos estudiar los nuevos mercados a los que vamos a dirigirnos al mismo tiempo que realizamos un plan de marketing completo para los nuevos productos. Sin embargo, si tiene \u00e9xito ser\u00e1 la <strong>ESTRAEGIA QUE M\u00c1S CRECIMIENTO Y DESARROLLO<\/strong>\u00a0proporcionar\u00e1 a la empresa.<\/p>\n<p>Existen dos tipos principales de diversificaci\u00f3n:<\/p>\n<ol>\n<li>Relacionada con productos anteriores. El nuevo producto guarda alg\u00fan tipo de relaci\u00f3n con los que nuestra empresa ya distribu\u00eda. Lo importante es que el nuevo producto no satisfaga la misma necesidad que los anteriores, ya que podr\u00edan restarse ventas entre s\u00ed.<\/li>\n<li>No relacionada con productos anteriores. Podemos aventurarnos a crear productos que no tengan nada que ver con lo que ya distribu\u00edamos. En ese caso, es importante vigilar que nuestra imagen de marca no pierda posicionamiento y, en caso de que eso pueda ocurrir, tratar de diferenciar bien la nueva marca.<\/li>\n<\/ol>\n<p>Por supuesto, cada empresa debe valorar su situaci\u00f3n actual, analizarla detenidamente y, en funci\u00f3n de ello, determinar cu\u00e1l de las 4 estrategias de crecimiento y desarrollo es la m\u00e1s adecuada. Si nos lanzamos a ciegas eligiendo al azar una de ellas, tendremos un 25% de probabilidades de acertar, lo cual no es en absoluto recomendable.[\/vc_column_text][\/vc_column][\/vc_row][vc_row][vc_column][vc_single_image image=\u00bb77&#8243; img_size=\u00bbfull\u00bb alignment=\u00bbcenter\u00bb][vc_column_text]<\/p>\n<h2 style=\"text-align: center;\"><span style=\"color: #ff00ff;\"><strong>ESTRATEGIA<\/strong><\/span><\/h2>\n<h2 style=\"text-align: center;\"><span style=\"color: #af8dd6;\">La Estrategia Empresarial es el Km. 0 de toda iniciativa. <\/span><\/h2>\n<h2 style=\"text-align: center;\"><span style=\"color: #af8dd6;\">Debe ser el primer paso a la hora de empezar un proyecto.<\/span><\/h2>\n<p>Tanto los emprendedores novatos como los m\u00e1s avezados necesitan una gu\u00eda de trabajo, una ruta en la que la toma de decisiones ante eventualidades positivas o negativas hayan sido ya resueltas racionalmente y bajo el paraguas del prop\u00f3sito o visi\u00f3n de la empresa.<\/p>\n<h3 style=\"text-align: center;\"><span style=\"color: #993366;\">\u00ab&#8230; todos los ganadores son so\u00f1adores; tu sue\u00f1o es la llave hacia tu futuro.\u00bb (Mark Gorman)<\/span><\/h3>\n<p><strong><img loading=\"lazy\" class=\"size-medium wp-image-103 aligncenter\" src=\"https:\/\/garciaamezcua.com\/abogados\/wp-content\/uploads\/2021\/07\/accion-300x203.jpg\" alt=\"\" width=\"300\" height=\"203\" srcset=\"https:\/\/garciaamezcua.com\/abogados\/wp-content\/uploads\/2021\/07\/accion-300x203.jpg 300w, https:\/\/garciaamezcua.com\/abogados\/wp-content\/uploads\/2021\/07\/accion.jpg 400w\" sizes=\"(max-width: 300px) 100vw, 300px\" \/>\u201cEl patr\u00f3n o modelo de decisiones de una empresa que determina y revela sus objetivos, prop\u00f3sitos y el tipo de negocio que va a perseguir\u201d<\/strong>. Esta definici\u00f3n, formulada por K.R. Andrews en 1980, refleja la importancia que tiene para una empresa definir e implementar estrategias.<\/p>\n<p>Las especificaciones de cada empresa y su entorno hacen que sea dif\u00edcil definir estrategias universales, aplicables a cualquier empresa. Por eso, resulta fundamental que la estrategia de cada empresa se dise\u00f1e considerando sus<strong>\u00a0caracter\u00edsticas espec\u00edficas<\/strong>. Pero, \u00bfCu\u00e1les son los factores que deben determinar la estrategia empresarial? Te ofrecemos <strong>3 pautas<\/strong>\u00a0que es imprescindible tener en cuenta:[\/vc_column_text][\/vc_column][\/vc_row][vc_row][vc_column][\/vc_column][\/vc_row][vc_row][vc_column width=\u00bb1\/2&#8243;][vc_single_image image=\u00bb99&#8243; img_size=\u00bbfull\u00bb][\/vc_column][vc_column width=\u00bb1\/2&#8243;][vc_column_text]1. La estrategia es una <strong>relaci\u00f3n\u00a0permanente\u00a0entre\u00a0la\u00a0empresa y su entorno<\/strong>: es imprescindible estudiar el entorno y la situaci\u00f3n del\u00a0<strong>mercado<\/strong>\u00a0para definir una estrategia adecuada. Algunos de los aspectos a tener en cuenta por la empresa son tanto la\u00a0<strong>competencia\u00a0actual<\/strong>\u00a0como la\u00a0<strong>potencial<\/strong>. La\u00a0<strong>situaci\u00f3n<\/strong>\u00a0econ\u00f3mica del \u00e1mbito de actuaci\u00f3n de la empresa es un factor determinante; la crisis econ\u00f3mica\u00a0<strong>surgida<\/strong>\u00a0en 2008 es un claro ejemplo de hasta qu\u00e9 punto puede condicionar el entorno a la actividad de una empresa.<\/p>\n<p style=\"text-align: center;\"><span style=\"color: #000080;\"><strong><em>\u00abConoce al adversario y sobre todo con\u00f3cete a ti mismo y ser\u00e1s invencible\u00bb<\/em><\/strong><\/span><\/p>\n<p>[\/vc_column_text][\/vc_column][\/vc_row][vc_row][vc_column width=\u00bb1\/2&#8243;][vc_column_text]2. La estrategia da respuesta a las\u00a0<strong>expectativas\u00a0del\u00a0empresario<\/strong>: se deben definir\u00a0<strong>visi\u00f3n<\/strong>,\u00a0<strong>misi\u00f3n<\/strong>\u00a0y\u00a0<strong>objetivos<\/strong>\u00a0a corto, medio y largo plazo, y adecuar la estrategia a estas y otras circunstancias internas de la empresa, como sus\u00a0<strong>recursos<\/strong>\u00a0y\u00a0<strong>capacidades<\/strong>.<\/p>\n<p>3. La estrategia es un <strong>modelo\u00a0de\u00a0decisi\u00f3n<\/strong>\u00a0que establece\u00a0<strong>pol\u00edticas<\/strong>,\u00a0<strong>acciones<\/strong>\u00a0y\u00a0<strong>adecuaci\u00f3n<\/strong>\u00a0de\u00a0medios para cumplir los objetivos propuestos y permite la\u00a0<strong>anticipaci\u00f3n<\/strong>\u00a0ante posibles adversidades a las que se enfrente la empresa.<\/p>\n<p style=\"text-align: center;\"><strong><span style=\"color: #000080;\"><em>\u00abIncluso la mejor espada si se deja sumergida en agua salada finalmente se oxidar\u00e1\u00bb.<\/em><\/span><\/strong><\/p>\n<p>As\u00ed, la estrategia fija las\u00a0<strong>l\u00edneas\u00a0de\u00a0acci\u00f3n<\/strong>\u00a0que determinar\u00e1n el\u00a0<strong>futuro<\/strong>\u00a0de la empresa. Definir y formalizar una estrategia ayudar\u00e1 a que \u00e9sta sea conocida por todos los miembros de la empresa, permitir\u00e1 un proceso de\u00a0<strong>revisi\u00f3n<\/strong>\u00a0y\u00a0<strong>evaluaci\u00f3n<\/strong>\u00a0de las acciones propuestas y facilitar\u00e1 el an\u00e1lisis de la actividad de la empresa.<\/p>\n<p><span style=\"color: #000080;\"><strong><em>\u00abGrandes resultados pueden ser conseguidos con peque\u00f1os esfuerzos.\u00bb<\/em><\/strong><\/span>[\/vc_column_text][\/vc_column][vc_column width=\u00bb1\/2&#8243;][vc_single_image image=\u00bb100&#8243; img_size=\u00bbfull\u00bb][\/vc_column][\/vc_row][vc_row][vc_column][vc_column_text]<\/p>\n<p style=\"text-align: center;\"><img loading=\"lazy\" class=\"alignnone size-medium wp-image-36\" src=\"https:\/\/garciaamezcua.com\/abogados\/wp-content\/uploads\/2021\/06\/cropped-garciaamezcua_logo_peq-300x64.png\" alt=\"\" width=\"300\" height=\"64\" srcset=\"https:\/\/garciaamezcua.com\/abogados\/wp-content\/uploads\/2021\/06\/cropped-garciaamezcua_logo_peq-300x64.png 300w, https:\/\/garciaamezcua.com\/abogados\/wp-content\/uploads\/2021\/06\/cropped-garciaamezcua_logo_peq.png 500w\" sizes=\"(max-width: 300px) 100vw, 300px\" \/><\/p>\n<p>[\/vc_column_text][\/vc_column][\/vc_row]<\/p>\n","protected":false},"excerpt":{"rendered":"<p>[vc_row][vc_column][vc_column_text] DESARROLLO \u00abCuanto m\u00e1s hunde un \u00e1rbol sus ra\u00edces m\u00e1s alto crece\u00bb LAS DIFERENTES \u00c1REAS DE LA EMPRESA DEBEN ESTAR COHESIONADAS POR UN PROP\u00d3SITO COM\u00daN Y POR LA CONFIANZA Y EL EMPUJE DE LOS DISTINTOS DEPARTAMENTOS. [\/vc_column_text][\/vc_column][\/vc_row][vc_row][vc_column width=\u00bb1\/2&#8243;][vc_single_image image=\u00bb84&#8243; img_size=\u00bbfull\u00bb][\/vc_column][vc_column width=\u00bb1\/2&#8243;][vc_column_text]Por eso Garc\u00eda Amezcua ofrece una ayuda individualizada con los mejores expertos en diferentes materias. [&hellip;]<\/p>\n","protected":false},"author":1,"featured_media":0,"parent":0,"menu_order":0,"comment_status":"closed","ping_status":"closed","template":"","meta":[],"yoast_head":"<!-- This site is optimized with the Yoast SEO plugin v16.4 - https:\/\/yoast.com\/wordpress\/plugins\/seo\/ -->\n<title>Estrategia y Desarrollo - GarciaAmezcua<\/title>\n<meta name=\"robots\" content=\"index, follow, max-snippet:-1, max-image-preview:large, max-video-preview:-1\" \/>\n<link rel=\"canonical\" href=\"https:\/\/garciaamezcua.com\/abogados\/service-2\/\" \/>\n<meta property=\"og:locale\" content=\"es_ES\" \/>\n<meta property=\"og:type\" content=\"article\" \/>\n<meta property=\"og:title\" content=\"Estrategia y Desarrollo - GarciaAmezcua\" \/>\n<meta property=\"og:description\" content=\"[vc_row][vc_column][vc_column_text] DESARROLLO \u00abCuanto m\u00e1s hunde un \u00e1rbol sus ra\u00edces m\u00e1s alto crece\u00bb LAS DIFERENTES \u00c1REAS DE LA EMPRESA DEBEN ESTAR COHESIONADAS POR UN PROP\u00d3SITO COM\u00daN Y POR LA CONFIANZA Y EL EMPUJE DE LOS DISTINTOS DEPARTAMENTOS. [\/vc_column_text][\/vc_column][\/vc_row][vc_row][vc_column width=\u00bb1\/2&#8243;][vc_single_image image=\u00bb84&#8243; img_size=\u00bbfull\u00bb][\/vc_column][vc_column width=\u00bb1\/2&#8243;][vc_column_text]Por eso Garc\u00eda Amezcua ofrece una ayuda individualizada con los mejores expertos en diferentes materias. [&hellip;]\" \/>\n<meta property=\"og:url\" content=\"https:\/\/garciaamezcua.com\/abogados\/service-2\/\" \/>\n<meta property=\"og:site_name\" content=\"GarciaAmezcua\" \/>\n<meta property=\"article:modified_time\" content=\"2023-06-18T10:58:23+00:00\" \/>\n<meta property=\"og:image\" content=\"https:\/\/garciaamezcua.com\/abogados\/wp-content\/uploads\/2021\/07\/bambu-japones-300x150.jpg\" \/>\n<meta name=\"twitter:card\" content=\"summary_large_image\" \/>\n<meta name=\"twitter:label1\" content=\"Tiempo de lectura\" \/>\n\t<meta name=\"twitter:data1\" content=\"7 minutos\" \/>\n<script type=\"application\/ld+json\" class=\"yoast-schema-graph\">{\"@context\":\"https:\/\/schema.org\",\"@graph\":[{\"@type\":\"WebSite\",\"@id\":\"https:\/\/garciaamezcua.com\/abogados\/#website\",\"url\":\"https:\/\/garciaamezcua.com\/abogados\/\",\"name\":\"GarciaAmezcua\",\"description\":\"\",\"potentialAction\":[{\"@type\":\"SearchAction\",\"target\":\"https:\/\/garciaamezcua.com\/abogados\/?s={search_term_string}\",\"query-input\":\"required name=search_term_string\"}],\"inLanguage\":\"es\"},{\"@type\":\"ImageObject\",\"@id\":\"https:\/\/garciaamezcua.com\/abogados\/service-2\/#primaryimage\",\"inLanguage\":\"es\",\"url\":\"https:\/\/garciaamezcua.com\/abogados\/wp-content\/uploads\/2021\/07\/bambu-japones.jpg\",\"contentUrl\":\"https:\/\/garciaamezcua.com\/abogados\/wp-content\/uploads\/2021\/07\/bambu-japones.jpg\",\"width\":660,\"height\":330},{\"@type\":\"WebPage\",\"@id\":\"https:\/\/garciaamezcua.com\/abogados\/service-2\/#webpage\",\"url\":\"https:\/\/garciaamezcua.com\/abogados\/service-2\/\",\"name\":\"Estrategia y Desarrollo - GarciaAmezcua\",\"isPartOf\":{\"@id\":\"https:\/\/garciaamezcua.com\/abogados\/#website\"},\"primaryImageOfPage\":{\"@id\":\"https:\/\/garciaamezcua.com\/abogados\/service-2\/#primaryimage\"},\"datePublished\":\"2021-06-22T11:31:15+00:00\",\"dateModified\":\"2023-06-18T10:58:23+00:00\",\"breadcrumb\":{\"@id\":\"https:\/\/garciaamezcua.com\/abogados\/service-2\/#breadcrumb\"},\"inLanguage\":\"es\",\"potentialAction\":[{\"@type\":\"ReadAction\",\"target\":[\"https:\/\/garciaamezcua.com\/abogados\/service-2\/\"]}]},{\"@type\":\"BreadcrumbList\",\"@id\":\"https:\/\/garciaamezcua.com\/abogados\/service-2\/#breadcrumb\",\"itemListElement\":[{\"@type\":\"ListItem\",\"position\":1,\"item\":{\"@type\":\"WebPage\",\"@id\":\"https:\/\/garciaamezcua.com\/abogados\/\",\"url\":\"https:\/\/garciaamezcua.com\/abogados\/\",\"name\":\"Portada\"}},{\"@type\":\"ListItem\",\"position\":2,\"item\":{\"@id\":\"https:\/\/garciaamezcua.com\/abogados\/service-2\/#webpage\"}}]}]}<\/script>\n<!-- \/ Yoast SEO plugin. -->","_links":{"self":[{"href":"https:\/\/garciaamezcua.com\/abogados\/wp-json\/wp\/v2\/pages\/23"}],"collection":[{"href":"https:\/\/garciaamezcua.com\/abogados\/wp-json\/wp\/v2\/pages"}],"about":[{"href":"https:\/\/garciaamezcua.com\/abogados\/wp-json\/wp\/v2\/types\/page"}],"author":[{"embeddable":true,"href":"https:\/\/garciaamezcua.com\/abogados\/wp-json\/wp\/v2\/users\/1"}],"replies":[{"embeddable":true,"href":"https:\/\/garciaamezcua.com\/abogados\/wp-json\/wp\/v2\/comments?post=23"}],"version-history":[{"count":29,"href":"https:\/\/garciaamezcua.com\/abogados\/wp-json\/wp\/v2\/pages\/23\/revisions"}],"predecessor-version":[{"id":224,"href":"https:\/\/garciaamezcua.com\/abogados\/wp-json\/wp\/v2\/pages\/23\/revisions\/224"}],"wp:attachment":[{"href":"https:\/\/garciaamezcua.com\/abogados\/wp-json\/wp\/v2\/media?parent=23"}],"curies":[{"name":"wp","href":"https:\/\/api.w.org\/{rel}","templated":true}]}}