{"id":87,"date":"2021-07-16T10:21:47","date_gmt":"2021-07-16T10:21:47","guid":{"rendered":"https:\/\/garciaamezcua.com\/abogados\/?page_id=87"},"modified":"2023-06-18T09:27:04","modified_gmt":"2023-06-18T09:27:04","slug":"equipo","status":"publish","type":"page","link":"https:\/\/garciaamezcua.com\/abogados\/equipo\/","title":{"rendered":"NUESTRO EQUIPO"},"content":{"rendered":"<h2 style=\"text-align: center;\"><img loading=\"lazy\" class=\"size-medium wp-image-192 aligncenter\" src=\"https:\/\/garciaamezcua.com\/abogados\/wp-content\/uploads\/2023\/06\/PUIY0289-300x169.jpg\" alt=\"\" width=\"300\" height=\"169\" srcset=\"https:\/\/garciaamezcua.com\/abogados\/wp-content\/uploads\/2023\/06\/PUIY0289-300x169.jpg 300w, https:\/\/garciaamezcua.com\/abogados\/wp-content\/uploads\/2023\/06\/PUIY0289-1024x576.jpg 1024w, https:\/\/garciaamezcua.com\/abogados\/wp-content\/uploads\/2023\/06\/PUIY0289-768x432.jpg 768w, https:\/\/garciaamezcua.com\/abogados\/wp-content\/uploads\/2023\/06\/PUIY0289.jpg 1280w\" sizes=\"(max-width: 300px) 100vw, 300px\" \/>CEO &#8211; Socio Fundador<\/h2>\n<h3 style=\"text-align: center;\"><strong>Jes\u00fas Garc\u00eda Amezcua<\/strong><\/h3>\n<p>Doctorando en Derecho (especialidad en Derecho Mercantil y Civil) y Filosof\u00eda y Letras (M\u00e1ster especial en Estudios Literarios, F\u00edlmicos y Teatrales) por la Universidad de Granada. M\u00e1ster en Derecho Econ\u00f3mico Legal Europeo por la Universidad\u00a0 de Coimbra y M\u00e1ster en Comercio Exterior por el ICEX. Ha desarrollado su labor jur\u00eddica en prestigiosos despachos de Andaluc\u00eda, centrado su vida profesional en el \u00e1mbito societario, desarrollo de inversiones y nichos de oportunidades y startups. Es Presidente del Club de Negocios SmartMeeting en M\u00e1laga, adem\u00e1s de Escritor, Actor, Director de Teatro y Cine y, Promotor Cultural desde la Plataforma Cultural Entresue\u00f1os que preside.<\/p>\n<p>&nbsp;<\/p>\n<h2 style=\"text-align: center;\"><strong><img loading=\"lazy\" class=\"size-medium wp-image-186 aligncenter\" src=\"https:\/\/garciaamezcua.com\/abogados\/wp-content\/uploads\/2023\/06\/foto-jay-221x300.jpg\" alt=\"\" width=\"221\" height=\"300\" srcset=\"https:\/\/garciaamezcua.com\/abogados\/wp-content\/uploads\/2023\/06\/foto-jay-221x300.jpg 221w, https:\/\/garciaamezcua.com\/abogados\/wp-content\/uploads\/2023\/06\/foto-jay-755x1024.jpg 755w, https:\/\/garciaamezcua.com\/abogados\/wp-content\/uploads\/2023\/06\/foto-jay-768x1042.jpg 768w, https:\/\/garciaamezcua.com\/abogados\/wp-content\/uploads\/2023\/06\/foto-jay-1132x1536.jpg 1132w, https:\/\/garciaamezcua.com\/abogados\/wp-content\/uploads\/2023\/06\/foto-jay.jpg 1279w\" sizes=\"(max-width: 221px) 100vw, 221px\" \/>INT<\/strong><strong>ERNATIONAL BUSSINESS AFFAIR<\/strong><\/h2>\n<h2 style=\"text-align: center;\"><strong style=\"font-size: 16px;\">Jay Xu<\/strong><\/h2>\n<p>Jay Xu has extensive and in-depth knowledge and experience in the international financing, investment advisory as well as the import and distribution commodities between China and EU, USA. He is also the Managing Director of two investments advisory companies based in Beijing and Europe, which provide consulting services to Chinese and EU entrepreneurs and investors on M&amp;amp;A and \u201c One Belt, One Road\u201dprojects. He is one of the leading researchers on China\u2019s policies and practices for Cross Border E-Commerce and Free Trade Zone. He has served as Business Advisor for EU-China JointInnovation Center since February of 2016 and has been working on a few initiatives with several Chinese municipalities to promote the culture exchange and technology transfers.<\/p>\n","protected":false},"excerpt":{"rendered":"<p>CEO &#8211; Socio Fundador Jes\u00fas Garc\u00eda Amezcua Doctorando en Derecho (especialidad en Derecho Mercantil y Civil) y Filosof\u00eda y Letras (M\u00e1ster especial en Estudios Literarios, F\u00edlmicos y Teatrales) por la Universidad de Granada. M\u00e1ster en Derecho Econ\u00f3mico Legal Europeo por la Universidad\u00a0 de Coimbra y M\u00e1ster en Comercio Exterior por el ICEX. Ha desarrollado su [&hellip;]<\/p>\n","protected":false},"author":2,"featured_media":0,"parent":0,"menu_order":0,"comment_status":"closed","ping_status":"closed","template":"","meta":[],"yoast_head":"<!-- This site is optimized with the Yoast SEO plugin v16.4 - https:\/\/yoast.com\/wordpress\/plugins\/seo\/ -->\n<title>NUESTRO EQUIPO - GarciaAmezcua<\/title>\n<meta name=\"robots\" content=\"index, follow, max-snippet:-1, max-image-preview:large, max-video-preview:-1\" \/>\n<link rel=\"canonical\" href=\"https:\/\/garciaamezcua.com\/abogados\/equipo\/\" \/>\n<meta property=\"og:locale\" content=\"es_ES\" \/>\n<meta property=\"og:type\" content=\"article\" \/>\n<meta property=\"og:title\" content=\"NUESTRO EQUIPO - GarciaAmezcua\" \/>\n<meta property=\"og:description\" content=\"CEO &#8211; Socio Fundador Jes\u00fas Garc\u00eda Amezcua Doctorando en Derecho (especialidad en Derecho Mercantil y Civil) y Filosof\u00eda y Letras (M\u00e1ster especial en Estudios Literarios, F\u00edlmicos y Teatrales) por la Universidad de Granada. M\u00e1ster en Derecho Econ\u00f3mico Legal Europeo por la Universidad\u00a0 de Coimbra y M\u00e1ster en Comercio Exterior por el ICEX. Ha desarrollado su [&hellip;]\" \/>\n<meta property=\"og:url\" content=\"https:\/\/garciaamezcua.com\/abogados\/equipo\/\" \/>\n<meta property=\"og:site_name\" content=\"GarciaAmezcua\" \/>\n<meta property=\"article:modified_time\" content=\"2023-06-18T09:27:04+00:00\" \/>\n<meta property=\"og:image\" content=\"https:\/\/garciaamezcua.com\/abogados\/wp-content\/uploads\/2023\/06\/PUIY0289-300x169.jpg\" \/>\n<meta name=\"twitter:card\" content=\"summary_large_image\" \/>\n<meta name=\"twitter:label1\" content=\"Tiempo de lectura\" \/>\n\t<meta name=\"twitter:data1\" content=\"2 minutos\" \/>\n<script type=\"application\/ld+json\" class=\"yoast-schema-graph\">{\"@context\":\"https:\/\/schema.org\",\"@graph\":[{\"@type\":\"WebSite\",\"@id\":\"https:\/\/garciaamezcua.com\/abogados\/#website\",\"url\":\"https:\/\/garciaamezcua.com\/abogados\/\",\"name\":\"GarciaAmezcua\",\"description\":\"\",\"potentialAction\":[{\"@type\":\"SearchAction\",\"target\":\"https:\/\/garciaamezcua.com\/abogados\/?s={search_term_string}\",\"query-input\":\"required name=search_term_string\"}],\"inLanguage\":\"es\"},{\"@type\":\"ImageObject\",\"@id\":\"https:\/\/garciaamezcua.com\/abogados\/equipo\/#primaryimage\",\"inLanguage\":\"es\",\"url\":\"https:\/\/garciaamezcua.com\/abogados\/wp-content\/uploads\/2023\/06\/PUIY0289.jpg\",\"contentUrl\":\"https:\/\/garciaamezcua.com\/abogados\/wp-content\/uploads\/2023\/06\/PUIY0289.jpg\",\"width\":1280,\"height\":720},{\"@type\":\"WebPage\",\"@id\":\"https:\/\/garciaamezcua.com\/abogados\/equipo\/#webpage\",\"url\":\"https:\/\/garciaamezcua.com\/abogados\/equipo\/\",\"name\":\"NUESTRO EQUIPO - GarciaAmezcua\",\"isPartOf\":{\"@id\":\"https:\/\/garciaamezcua.com\/abogados\/#website\"},\"primaryImageOfPage\":{\"@id\":\"https:\/\/garciaamezcua.com\/abogados\/equipo\/#primaryimage\"},\"datePublished\":\"2021-07-16T10:21:47+00:00\",\"dateModified\":\"2023-06-18T09:27:04+00:00\",\"breadcrumb\":{\"@id\":\"https:\/\/garciaamezcua.com\/abogados\/equipo\/#breadcrumb\"},\"inLanguage\":\"es\",\"potentialAction\":[{\"@type\":\"ReadAction\",\"target\":[\"https:\/\/garciaamezcua.com\/abogados\/equipo\/\"]}]},{\"@type\":\"BreadcrumbList\",\"@id\":\"https:\/\/garciaamezcua.com\/abogados\/equipo\/#breadcrumb\",\"itemListElement\":[{\"@type\":\"ListItem\",\"position\":1,\"item\":{\"@type\":\"WebPage\",\"@id\":\"https:\/\/garciaamezcua.com\/abogados\/\",\"url\":\"https:\/\/garciaamezcua.com\/abogados\/\",\"name\":\"Portada\"}},{\"@type\":\"ListItem\",\"position\":2,\"item\":{\"@id\":\"https:\/\/garciaamezcua.com\/abogados\/equipo\/#webpage\"}}]}]}<\/script>\n<!-- \/ Yoast SEO plugin. -->","_links":{"self":[{"href":"https:\/\/garciaamezcua.com\/abogados\/wp-json\/wp\/v2\/pages\/87"}],"collection":[{"href":"https:\/\/garciaamezcua.com\/abogados\/wp-json\/wp\/v2\/pages"}],"about":[{"href":"https:\/\/garciaamezcua.com\/abogados\/wp-json\/wp\/v2\/types\/page"}],"author":[{"embeddable":true,"href":"https:\/\/garciaamezcua.com\/abogados\/wp-json\/wp\/v2\/users\/2"}],"replies":[{"embeddable":true,"href":"https:\/\/garciaamezcua.com\/abogados\/wp-json\/wp\/v2\/comments?post=87"}],"version-history":[{"count":21,"href":"https:\/\/garciaamezcua.com\/abogados\/wp-json\/wp\/v2\/pages\/87\/revisions"}],"predecessor-version":[{"id":207,"href":"https:\/\/garciaamezcua.com\/abogados\/wp-json\/wp\/v2\/pages\/87\/revisions\/207"}],"wp:attachment":[{"href":"https:\/\/garciaamezcua.com\/abogados\/wp-json\/wp\/v2\/media?parent=87"}],"curies":[{"name":"wp","href":"https:\/\/api.w.org\/{rel}","templated":true}]}}